{"id":16767,"date":"2015-10-16T18:40:18","date_gmt":"2015-10-16T15:40:18","guid":{"rendered":"http:\/\/tt.ksd.ro\/?page_id=16767"},"modified":"2026-02-04T00:30:09","modified_gmt":"2026-02-03T22:30:09","slug":"etape-selectie","status":"publish","type":"page","link":"https:\/\/www.tineretalente.org\/index.php\/etape-selectie\/","title":{"rendered":"Etapele selectiei"},"content":{"rendered":"<div      class=\"vc_row wpb_row section vc_row-fluid\" style=' text-align:left;'><div class=\" full_section_inner clearfix\">\n\t<div class=\"vc_col-sm-12 wpb_column vc_column_container \">\n\t\t<div class=\"wpb_wrapper\">\n\t\t\t\n\t<div class=\"wpb_text_column wpb_content_element \">\n\t\t<div class=\"wpb_wrapper\">\n\t\t\t<h1>Etapele selectiei<\/h1>\n\n\t\t<\/div> \n\t<\/div> <div class=\"separator  small left  \" style=\"margin-top: 5px;margin-bottom: 5px;background-color: #d5a10c;height: 3px;\"><\/div>\n\n\t\t<\/div> \n\t<\/div> \n<\/div><\/div><div      class=\"vc_row wpb_row section vc_row-fluid\" style=' text-align:left;'><div class=\" full_section_inner clearfix\">\n\t<div class=\"vc_col-sm-12 wpb_column vc_column_container  vc_custom_1452698751783\">\n\t\t<div class=\"wpb_wrapper\">\n\t\t\t\n\t<div class=\"wpb_text_column wpb_content_element \">\n\t\t<div class=\"wpb_wrapper\">\n\t\t\t<p><strong>Etapele procesului de selec\u021bie:<\/strong><\/p>\n<ol>\n<li><strong>Trimiterea dosarului de candidatur\u0103<\/strong> \u2013 p\u00e2n\u0103 la data de <strong>p\u00e2n\u0103 la 03 decembrie 2025<\/strong>, pe adresa de email: <strong><a href=\"mailto:tineretalente@fundatiaregala.ro\">tineretalente@fundatiaregala.ro<\/a><\/strong><\/li>\n<li><strong>Preselec\u021bia:<\/strong> analiza dosarelor, realizat\u0103 de echipa proiectului \u2013 p\u00e2n\u0103 la data de <strong>20 decembrie 2025<\/strong><\/li>\n<li><strong>Preselec\u021bia arti\u0219tilor vizuali<\/strong>, pe baza portofoliului electronic, realizat\u0103 de juriul de specialitate \u2013 p\u00e2n\u0103 la data de <strong>20 decembrie 2025<\/strong><\/li>\n<li><strong>Selec\u021bia\u00a0<\/strong>const\u0103 \u00een audi\u021bia sau prezentarea portofoliului, \u00een func\u021bie de domeniul artistic \u0219i este realizat\u0103 de c\u0103tre un juriu de specialitate compus din personalit\u0103\u021bi din lumea artei \u2013 <strong>pe parcursul lunii ianuarie 2026<\/strong><\/li>\n<li><strong>Realizarea anchetei sociale<\/strong> pentru verificarea autenticit\u0103\u021bii documentelor din dosarul de candidatur\u0103<\/li>\n<\/ol>\n\n\t\t<\/div> \n\t<\/div> \n\t\t<\/div> \n\t<\/div> \n<\/div><\/div><div      class=\"vc_row wpb_row section vc_row-fluid\" style=' text-align:left;'><div class=\" full_section_inner clearfix\">\n\t<div class=\"vc_col-sm-12 wpb_column vc_column_container  vc_custom_1452698776199\">\n\t\t<div class=\"wpb_wrapper\">\n\t\t\t\n\t<div class=\"wpb_text_column wpb_content_element \">\n\t\t<div class=\"wpb_wrapper\">\n\t\t\t<p><strong>Publicarea\u00a0<\/strong><strong>listei celor admi\u0219i<\/strong> \u00een programul Tinere Talente\u00a0<strong>pe site-ul www.tineretalente.org &#8211;<\/strong>\u00a0\u00een luna <strong>februarie 2026<\/strong>.<\/p>\n<p>&nbsp;<\/p>\n<p><strong>Data \u0219i alte detalii privind selec\u021bia realizat\u0103 de juriu vor fi comunicate pe e-mail candida\u021bilor eligibili.\u00a0<\/strong><\/p>\n<p>Pentru\u00a0<strong>informa\u021bii suplimentare<\/strong>, v\u0103 rug\u0103m s\u0103 ne contacta\u021bi la\u00a0<strong>num\u0103rul 031 405 55 54<\/strong>\u00a0sau la adresa:\u00a0<a href=\"mailto:tineretalente@principesa.ro\"><strong>tineretalente@fundatiaregala.ro<\/strong><\/a><strong>.<\/strong><\/p>\n\n\t\t<\/div> \n\t<\/div> \n\t\t<\/div> \n\t<\/div> \n<\/div><\/div>\n","protected":false},"excerpt":{"rendered":"Etapele selectiei Etapele procesului de selec\u021bie: Trimiterea dosarului de candidatur\u0103 \u2013 p\u00e2n\u0103 la data de p\u00e2n\u0103 la 03 decembrie 2025, pe adresa de email: tineretalente@fundatiaregala.ro Preselec\u021bia: analiza dosarelor, realizat\u0103 de echipa proiectului \u2013 p\u00e2n\u0103 la data de 20 decembrie 2025 Preselec\u021bia arti\u0219tilor vizuali, pe baza...","protected":false},"author":1,"featured_media":0,"parent":0,"menu_order":0,"comment_status":"closed","ping_status":"closed","template":"","meta":[],"_links":{"self":[{"href":"https:\/\/www.tineretalente.org\/index.php\/wp-json\/wp\/v2\/pages\/16767"}],"collection":[{"href":"https:\/\/www.tineretalente.org\/index.php\/wp-json\/wp\/v2\/pages"}],"about":[{"href":"https:\/\/www.tineretalente.org\/index.php\/wp-json\/wp\/v2\/types\/page"}],"author":[{"embeddable":true,"href":"https:\/\/www.tineretalente.org\/index.php\/wp-json\/wp\/v2\/users\/1"}],"replies":[{"embeddable":true,"href":"https:\/\/www.tineretalente.org\/index.php\/wp-json\/wp\/v2\/comments?post=16767"}],"version-history":[{"count":35,"href":"https:\/\/www.tineretalente.org\/index.php\/wp-json\/wp\/v2\/pages\/16767\/revisions"}],"predecessor-version":[{"id":19931,"href":"https:\/\/www.tineretalente.org\/index.php\/wp-json\/wp\/v2\/pages\/16767\/revisions\/19931"}],"wp:attachment":[{"href":"https:\/\/www.tineretalente.org\/index.php\/wp-json\/wp\/v2\/media?parent=16767"}],"curies":[{"name":"wp","href":"https:\/\/api.w.org\/{rel}","templated":true}]}}